*d - 21. Calculate i(10).
-1
Let s(j) = 11*j**3 + 2*j**2 + 7*j - 8. Calculate s(1).
12
Let o(i) = i**3 - 22*i**2 + 3*i + 13. Give o(22).
79
Let t(q) = 4*q + 3. Give t(-3).
-9
Let t(m) = -50*m**3 - 2*m**2 - 3*m - 2. What is t(-1)?
49
Let c(g) = 26*g**3 - g + 1. What is c(1)?
26
Let q(v) = -5*v - 17. Calculate q(-4).
3
Let b(k) = -17*k + 166. What is b(10)?
-4
Let n(g) = 2*g**2 - 83*g + 182. What is n(39)?
-13
Let a(d) = -d**2 + 14*d + 9. What is a(12)?
33
Let f(k) = -2*k**2 - 62*k - 414. What is f(-10)?
6
Let h(s) = -s**3 + 2*s**2 + 29*s + 53. Determine h(-2).
11
Let c(i) = -i**2 + 5*i + 10. Give c(5).
10
Let q(z) = z**3 + 2*z**2 + 2. Give q(-3).
-7
Let j(y) = 53*y - 325. Give j(6).
-7
Let m(z) = z + 11. Determine m(12).
23
Let q(k) = -2*k**3 + 10*k**2 + 8*k - 1. Give q(6).
-25
Let x(p) = 7*p - 5. What is x(-9)?
-68
Let j(s) = -s**3 + 5*s**2 + 10*s + 2. Determine j(7).
-26
Let y(s) = -56*s - 57. Give y(-1).
-1
Let l(i) = -i**3 - 2*i**2 + 4*i + 5. Calculate l(-5).
60
Let r(s) = 6*s + 2. Give r(-6).
-34
Let p(v) = 2*v**2 - 2*v + 20. Determine p(0).
20
Let n(o) = o**2 - 6*o - 17. Give n(7).
-10
Let t(q) = 8*q**3 - q**2 + q - 2. What is t(2)?
60
Let t(q) = -q**3 - 6*q**2 - 8*q + 6. Give t(-3).
3
Let a(c) = c**2 - 41*c - 177. Determine a(-4).
3
Let v(j) = -j**2 + 21. Determine v(6).
-15
Let c(i) = i**3 - 6*i**2 - 17*i + 75. What is c(7)?
5
Let q(z) = z**3 + 26*z**2 - 56*z - 4. Calculate q(-28).
-4
Let n(j) = j**2 + 9*j + 5. Determine n(-8).
-3
Let q(m) = -m**2 - 118*m + 1146. What is q(9)?
3
Let i(k) = 7*k**3 - 4*k**2 + 2*k. Give i(2).
44
Let u(n) = -2*n**2 + 1. What is u(-1)?
-1
Let v(h) = 40*h - 1001. What is v(25)?
-1
Let j(h) = -84*h + 11. What is j(2)?
-157
Let d(t) = t**3 - 4*t**2 + 24*t - 3. Determine d(4).
93
Let s(l) = -l**2 + 12*l - 11. What is s(9)?
16
Let p(q) = 2*q + 21. Determine p(-10).
1
Let o(t) = -2*t + 9. Give o(1).
7
Let x(i) = 34*i + 1. Give x(2).
69
Let o(g) = -162*g**3 - 2*g**2 + 2*g - 1. Give o(1).
-163
Let i(v) = 7*v**2 + 4*v - 5. Calculate i(2).
31
Let z(b) = 26*b**3 - b**2 + 1. Give z(-1).
-26
Let o(c) = c + 23. Give o(10).
33
Let i(m) = -5*m**2 - 3*m - 4. Give i(-1).
-6
Let g(r) = 2*r**2 - 50*r + 34. Give g(25).
34
Let d(b) = 4*b + 3. What is d(5)?
23
Let y(w) = -w**2 - 15*w - 19. Calculate y(-13).
7
Let i(k) = k**2 + 36*k + 68. What is i(-34)?
0
Let y(h) = h**2 - 14*h - 7. Give y(14).
-7
Let h(f) = f**3 + f**2 + 5*f + 5. Give h(-2).
-9
Let w(f) = -f**3 + 10*f**2 - 7*f. Calculate w(10).
-70
Let t(m) = 10*m + 3. Calculate t(-5).
-47
Let x(v) = 2*v + 4. Determine x(-1).
2
Let n(k) = -k**3 - 7*k**2 + 9*k + 17. Determine n(-9).
98
Let c(m) = -m**2 + 108. Determine c(10).
8
Let s(a) = a**3 + 6*a**2 - 20. What is s(-4)?
12
Let z(t) = 3*t**3 + 4*t**2 - 4*t. Calculate z(2).
32
Let v(b) = 38*b**2. Give v(-1).
38
Let x(u) = 48*u**2 + u - 1. Determine x(1).
48
Let a(y) = -y**2 - 24*y + 8. Give a(-27).
-73
Let j(o) = 2*o**2 - 12*o. Give j(7).
14
Let t(y) = -y**3 - 8*y**2 - 7*y - 4. Give t(-5).
-44
Let x(z) = 4*z**2 - 22*z - 7. Determine x(6).
5
Let y(s) = -2*s**3 + 20*s**2 - 7*s - 93. Determine y(9).
6
Let l(u) = -29*u - 239. Give l(-8).
-7
Let t(o) = 2*o**2 - 13*o + 6. Determine t(5).
-9
Let q(h) = -h**3 + 6*h**2 - 9*h + 66. What is q(6)?
12
Let r(t) = -t**3 - 2*t**2 + 15*t + 6. Calculate r(-5).
6
Let n(s) = -5*s - 10. Determine n(-7).
25
Let s(l) = 15*l**3 - 2*l**2 - 3*l + 4. Calculate s(1).
14
Let k(h) = h**2 - 9*h - 6. What is k(9)?
-6
Let u(p) = p**3 - 12*p**2 + 24*p - 48. Give u(10).
-8
Let k(a) = -3*a**2 + a + 5. Give k(-3).
-25
Let d(w) = 141*w - 987. What is d(7)?
0
Let l(j) = 58*j. What is l(-1)?
-58
Let d(j) = -j**3 - 8*j**2 - 8*j - 26. Determine d(-6).
-50
Let f(h) = -2*h + 2. What is f(6)?
-10
Let b(d) = -d**2 - 36*d + 2. Calculate b(-34).
70
Let r(n) = -2*n**3 - 19*n**2 - 10*n - 9. Give r(-9).
0
Let b(l) = -34*l + 144. What is b(4)?
8
Let m(s) = 5*s + 40. Determine m(-9).
-5
Let a(w) = -2*w**3 + 5*w**2 - w - 2. Calculate a(2).
0
Let y(l) = 3*l + 35. Determine y(-9).
8
Let f(h) = -h**3 + 9*h**2 - 6*h + 31. Calculate f(9).
-23
Let w(r) = r - 4. Determine w(4).
0
Let j(k) = k**3 - 14*k**2 + 42*k - 20. Give j(10).
0
Let z(f) = f - 3. Calculate z(3).
0
Let q(p) = -p**3 + 20*p**2 - 21*p + 29. What is q(19)?
-9
Let z(k) = -2*k**3 - 16*k**2 - 5*k + 11. Give z(-7).
-52
Let b(w) = w**2 + w + 8. What is b(0)?
8
Let c(w) = -w**2 + 3*w + 6. What is c(-3)?
-12
Let v(x) = x**2 - 13*x + 54. What is v(10)?
24
Let a(m) = -21*m - 4. Give a(3).
-67
Let l(z) = 16*z - 24. Calculate l(2).
8
Let l(u) = -u**2 - 6*u - 5. Give l(-7).
-12
Let l(v) = -69*v**2 - 3*v + 2. What is l(1)?
-70
Let r(k) = -3*k**2 - 47*k - 20. Calculate r(-15).
10
Let p(j) = -12*j - 4. Give p(0).
-4
Let t(y) = 2*y**3 + 4*y**2 + 3*y + 1. What is t(-2)?
-5
Let z(f) = -f**3 + 14*f**2 - f + 20. What is z(14)?
6
Let r(o) = 4*o + 45. Give r(-10).
5
Let i(b) = -5*b - 176. Give i(-38).
14
Let d(u) = -8*u - 35. Give d(-8).
29
Let a(b) = 12*b**3 + 2*b**2 - 3*b + 1. Calculate a(1).
12
Let d(y) = -2*y**2 - 15*y + 6. What is d(-9)?
-21
Let j(s) = s**2 - 7*s - 5. Calculate j(4).
-17
Let t(y) = -y**2 - 15*y + 23. Determine t(-6).
77
Let j(n) = -4*n - 31. Give j(-8).
1
Let y(h) = 2*h**3 - 16*h**2 - 19*h + 12. What is y(9)?
3
Let x(u) = -u**3 - 13*u**2 - u - 9. Give x(-13).
4
Let a(l) = 2*l**2 + 42*l + 38. What is a(-20)?
-2
Let n(k) = 3*k + 8. Determine n(-6).
-10
Let i(z) = 4*z - 17. Calculate i(2).
-9
Let w(p) = 4*p**2 - 3*p - 2. Calculate w(-1).
5
Let x(p) = 6*p + 147. Determine x(-25).
-3
Let j(y) = -y**2 - 18*y - 28. Give j(-15).
17
Let f(i) = -182*i + 534. Determine f(3).
-12
Let l(s) = -s**3 - 5*s**2 + 6*s + 2. What is l(-6)?
2
Let q(f) = -f**3 + 19*f**2 - 17*f - 2. Give q(18).
16
Let f(u) = u**3 - 12*u**2 - 28*u + 2. Determine f(14).
2
Let a(q) = q**2 - 2*q - 21. Give a(-4).
3
Let f(i) = -i**2 - 5*i + 11. Determine f(-5).
11
Let h(l) = l**3 - 2*l**2 - 4*l + 5. Determine h(2).
-3
Let x(v) = 11*v + 59. Determine x(-6).
-7
Let u(y) = -139*y + 413. Give u(3).
-4
Let u(m) = 2*m**3 + 4*m**2 - 2*m - 2. What is u(-3)?
-14
Let z(q) = 4*q**3 - 5*q**2 + 2. Give z(-2).
-50
Let a(y) = 24*y + 45. Determine a(-2).
-3
Let y(r) = r + 7. What is y(-3)?
4
Let a(v) = v**3 + 8*v**2 + 10*v + 19. Calculate a(-7).
-2
Let k(d) = 2*d - 11. Calculate k(10).
9
Let m(q) = 13*q**3 - 5*q**2 + 3*q + 3. What is m(2)?
93
Let k(g) = -g**3 + 13*g**2 - 11*g - 15. What is k(12)?
-3
Let z(b) = b - 3. Calculate z(12).
9
Let b(s) = -9*s - 9. Determine b(1).
-18
Let c(w) = 24*w**3 + 1. Give c(-1).
-23
Let q(v) = -v**3 - 5*v**2 + 1. What is q(-5)?
1
Let s(x) = -3*x + 17. Give s(7).
-4
Let z(i) = -3*i + 18. Calculate z(5).
3
Let f(h) = -4*h - 13. Give f(-10).
27
Let u(h) = -h**2 + 35*h + 78. Determine u(37).
4
Let s(k) = k**2 - 2*k - 38. Determine s(-6).
10
Let t(z) = -2*z**2 + 6*z + 14. Give t(-2).
-6
Let u(j) = j**3 + 8*j**2 - 10*j - 9. Give u(-9).
0
Let p(y) = 2*y + 5. Determine p(-6).
-7
Let d(x) = -4*x**2 - 4*x - 2. What is d(-2)?
-10
Let j(u) = -3*u**2 + 34*u - 59. Calculate j(2).
-3
Let b(q) = q + 22. What is b(-17)?
5
Let i(j) = j - 36. Give i(0).
-36
Let w(d) = -d - 13. What is w(-9)?
-4
Let k(x) = x**2 + 9*x - 7. Determine k(-4).
-27
Let b(m) = -m**3 - 8*m**2 - 3*m + 9. Give b(-7).
-19
Let f(k) = -k**3 - 6*k**2 + 3*k - 12. Calculate f(-6).
-30
Let r(c) = -9*c**2 - 10*c - 11. Give r(-1).
-10
Let d(a) = -53*a - 271. Calculate d(-5).
-6
Let b(r) = -2*r + 23. What is b(-1)?
25
Let z(h) = 7*h**2 + 38*h - 1. Determine z(-5).
-16
Let z(t) = -t**2 + 8*t + 11. Calculate z(-1).
2
Let i(p) = p**3 - 23*p**2 - 50*p + 7. Determine i(25).
7
Let k(d) = 3*d. Determine k(7).
21
Let w(k) = -k**3 - 24*k**2 - 43*k - 13. What is w(-22)?
-35
Let b(l) = 5*l**3 + l**2 - l. Determine b(1).
5
Let h(g) = -43*g + 172. Give h(4).
0
Let v(i) = i. Calculate v(10).
10
Let k(h) = -h**2 + 18*h + 141. Give k(-6).
-3
Let r(s) = -s**3 - 17*s**2 - 17*s - 28. What is r(-16)?
-12
Let w(f) = f**3 - 11*f**2 + 27*f - 44. Give w(9).
37
Let a(c) = 7*c + 334. Determine a(-43).
33
Let l(s) = -19*s + 29. Give l(7).
-104
Let l(n) = 2*n**2 + 7*n - 47. Give l(-7).
2
Let o(w) = 17*w - 5. Determine o(1).
12
Let c(j) = 10*j - 252. Give c(25).
-2
Let b(k) = -k**2 + 4*k + 5. Give b(5).
0
Let c(z) = -7*z - 6. Give c(-5).
29
Let d(m) = m**3 - 10*m**2 + 18*m - 21. Giv